{"id":345,"date":"2025-08-06T18:49:20","date_gmt":"2025-08-06T21:49:20","guid":{"rendered":"https:\/\/unidosdoviradouro.com\/?page_id=345"},"modified":"2025-09-26T19:09:04","modified_gmt":"2025-09-26T22:09:04","slug":"conselho-deliberativo","status":"publish","type":"page","link":"https:\/\/unidosdoviradouro.com\/index.php\/conselho-deliberativo\/","title":{"rendered":"Conselho Deliberativo"},"content":{"rendered":"\t\t<div data-elementor-type=\"wp-page\" data-elementor-id=\"345\" class=\"elementor elementor-345\" data-elementor-post-type=\"page\">\n\t\t\t\t<div class=\"elementor-element elementor-element-a98961e e-flex e-con-boxed e-con e-parent\" data-id=\"a98961e\" data-element_type=\"container\" data-settings=\"{&quot;background_background&quot;:&quot;classic&quot;}\">\n\t\t\t\t\t<div class=\"e-con-inner\">\n\t\t\t\t\t<\/div>\n\t\t\t\t<\/div>\n\t\t<div class=\"elementor-element elementor-element-86d66e9 e-flex e-con-boxed e-con e-parent\" data-id=\"86d66e9\" data-element_type=\"container\" data-settings=\"{&quot;background_background&quot;:&quot;classic&quot;}\">\n\t\t\t\t\t<div class=\"e-con-inner\">\n\t\t\t\t\t<\/div>\n\t\t\t\t<\/div>\n\t\t<div class=\"elementor-element elementor-element-f345e3b e-flex e-con-boxed e-con e-parent\" data-id=\"f345e3b\" data-element_type=\"container\">\n\t\t\t\t\t<div class=\"e-con-inner\">\n\t\t<div class=\"elementor-element elementor-element-884039d e-flex e-con-boxed e-con e-child\" data-id=\"884039d\" data-element_type=\"container\">\n\t\t\t\t\t<div class=\"e-con-inner\">\n\t\t\t\t<div class=\"elementor-element elementor-element-492d70d elementor-widget elementor-widget-heading\" data-id=\"492d70d\" data-element_type=\"widget\" data-widget_type=\"heading.default\">\n\t\t\t\t\t<h2 class=\"elementor-heading-title elementor-size-default\">Conselho<\/h2>\t\t\t\t<\/div>\n\t\t\t\t<div class=\"elementor-element elementor-element-1897677 elementor-widget elementor-widget-heading\" data-id=\"1897677\" data-element_type=\"widget\" data-widget_type=\"heading.default\">\n\t\t\t\t\t<h2 class=\"elementor-heading-title elementor-size-default\">Deliberativo<\/h2>\t\t\t\t<\/div>\n\t\t\t\t\t<\/div>\n\t\t\t\t<\/div>\n\t\t<div class=\"elementor-element elementor-element-a6b6c47 e-con-full e-flex e-con e-child\" data-id=\"a6b6c47\" data-element_type=\"container\">\n\t\t\t\t<div class=\"elementor-element elementor-element-13e87fe elementor-widget elementor-widget-text-editor\" data-id=\"13e87fe\" data-element_type=\"widget\" data-widget_type=\"text-editor.default\">\n\t\t\t\t\t\t\t\t\t<p>AILTON GUIMAR\u00c3ES JORGE JUNIOR<br \/>ALESSANDRO LYRA RODRIGUES<br \/>ALEX SANDRO PEREIRA DA SILVA ANDR\u00c9 LUIZ FIGUEIRAS DE FARIA<br \/>ANT\u00d3NIO JOS\u00c9 MARCONI DA SILVA<br \/>ANTONIO PETRUS KALIL FILHO<br \/>ARMANDO JORGE MACEDO<br \/>CARLOS ROBERTO DUARTE SOARES<br \/>CARLOS ROBERTO MACEDO<br \/>CLEBER TORRES ANDRADE DOM\u00cdCIO MASCARENHAS DE ANDRADE<br \/>FABIANA MAIA SILVA<br \/>FELIZIA IRENE GOMES NAZAR\u00c9<br \/>GABRIEL DA ENCARNA\u00c7\u00c3O SAIDE DE MELLO<br \/>GILMAR MOLITERNO DOS SANTOS<br \/>JOEL JOS\u00c9 BESSIL<br \/>JOS\u00c9 ALEXANDRE CANTARINO VILLELA<br \/>JOS\u00c9 CARLOS MONASSA BESSIL<br \/>JOS\u00c9 CARLOS RODRIGUES<br \/>JOSENITA BARROS DE SOUZA<br \/>J\u00daLIO DE OLIVEIRA ALVES<br \/>KARLA CRISTINA BATISTA SOARES<br \/>LARISSA MOTA ROCHA<br \/>LUCIA ALBA DE OLIVEIRA TRINDADE<br \/>LUIZ FERNANDO PINTO JORD\u00c3O J\u00daNIOR<br \/>LUIZ MACEDO GIMAR\u00c3ES JORGE<br \/>MARCELO CALIL PETRUS<br \/>MARCO ANT\u00d3NIO RODRIGUES<br \/>MARCO ANTONIO RANGEL DOS S. RODRIGUES<br \/>MARIANA VIANA MACHADO<br \/>MORACY VERBAS AMARA<br \/>PEDRO MACEDO GOMES<br \/>RAFAEL DE ARA\u00daJO CARVALHO RONALDO LOUZADA DE CARVALHO<br \/>SANDRA REGINA RODRIGUES DE SOUZA<br \/>SANDRO PEREIRA DA SILVA<br \/>SUELI LOUREIRO SAUD<br \/>TALITA PAULINA DE CARVALHO<br \/>THAMIRES HAUCH<br \/>THEREZINHA CALIL PETRUS<br \/>THIAGO RANGEL OLIVEIRA DE FARIAS<br \/>VERA L\u00daCIA DE CARVALHO NUNES<br \/>WALTER MARTINS FILHO<br \/>WILSON PACHECO GOMES<br \/><br \/><strong>SUPLENTES<br \/><br \/><\/strong>ANDERSON JOS\u00c9 RODRIGUES<br \/>BERNARDO QUEIROZ JUNGER<br \/>DEISE DE OLIVEIRA MORAIS<br \/>HILTON ROSA DO NASCIMENTO<br \/>KATIA NAZAR\u00c9 DIAS PEREIRA<br \/>RODRIGO GUIMAR\u00c3ES ANDRADE<br \/>RONALDO ESTIGES VILELA PEREIRA<br \/>SONIA HELENA MARINELLI MAIA NUNES <br \/>THIAGO MAGNO MARTINS GOMES <br \/>VALDAIR PEREIRA DE ANDRADE<strong><br \/><\/strong><\/p>\t\t\t\t\t\t\t\t<\/div>\n\t\t\t\t<\/div>\n\t\t\t\t\t<\/div>\n\t\t\t\t<\/div>\n\t\t\t\t<\/div>\n\t\t","protected":false},"excerpt":{"rendered":"<p>Conselho Deliberativo AILTON GUIMAR\u00c3ES JORGE JUNIORALESSANDRO LYRA RODRIGUESALEX SANDRO PEREIRA DA SILVA ANDR\u00c9 LUIZ FIGUEIRAS DE FARIAANT\u00d3NIO JOS\u00c9 MARCONI DA SILVAANTONIO PETRUS KALIL FILHOARMANDO JORGE MACEDOCARLOS ROBERTO DUARTE SOARESCARLOS ROBERTO MACEDOCLEBER TORRES ANDRADE DOM\u00cdCIO MASCARENHAS DE ANDRADEFABIANA MAIA SILVAFELIZIA IRENE GOMES NAZAR\u00c9GABRIEL DA ENCARNA\u00c7\u00c3O SAIDE DE MELLOGILMAR MOLITERNO DOS SANTOSJOEL JOS\u00c9 BESSILJOS\u00c9 ALEXANDRE CANTARINO VILLELAJOS\u00c9 [&hellip;]<\/p>\n","protected":false},"author":1,"featured_media":0,"parent":0,"menu_order":0,"comment_status":"closed","ping_status":"closed","template":"elementor_header_footer","meta":{"footnotes":""},"class_list":["post-345","page","type-page","status-publish","hentry"],"_links":{"self":[{"href":"https:\/\/unidosdoviradouro.com\/index.php\/wp-json\/wp\/v2\/pages\/345","targetHints":{"allow":["GET"]}}],"collection":[{"href":"https:\/\/unidosdoviradouro.com\/index.php\/wp-json\/wp\/v2\/pages"}],"about":[{"href":"https:\/\/unidosdoviradouro.com\/index.php\/wp-json\/wp\/v2\/types\/page"}],"author":[{"embeddable":true,"href":"https:\/\/unidosdoviradouro.com\/index.php\/wp-json\/wp\/v2\/users\/1"}],"replies":[{"embeddable":true,"href":"https:\/\/unidosdoviradouro.com\/index.php\/wp-json\/wp\/v2\/comments?post=345"}],"version-history":[{"count":16,"href":"https:\/\/unidosdoviradouro.com\/index.php\/wp-json\/wp\/v2\/pages\/345\/revisions"}],"predecessor-version":[{"id":732,"href":"https:\/\/unidosdoviradouro.com\/index.php\/wp-json\/wp\/v2\/pages\/345\/revisions\/732"}],"wp:attachment":[{"href":"https:\/\/unidosdoviradouro.com\/index.php\/wp-json\/wp\/v2\/media?parent=345"}],"curies":[{"name":"wp","href":"https:\/\/api.w.org\/{rel}","templated":true}]}}